94080.
0
What is the remainder when 9113 is divided by 72?
41
What is the remainder when 23957 is divided by 47?
34
Calculate the remainder when 57098 is divided by 28537.
24
What is the remainder when 59936 is divided by 111?
107
Calculate the remainder when 2505 is divided by 150.
105
What is the remainder when 39359 is divided by 82?
81
What is the remainder when 1960 is divided by 1458?
502
Calculate the remainder when 86538 is divided by 416.
10
What is the remainder when 1981 is divided by 13?
5
Calculate the remainder when 8818 is divided by 5.
3
Calculate the remainder when 422063 is divided by 22.
15
What is the remainder when 4523 is divided by 596?
351
What is the remainder when 229513 is divided by 4?
1
What is the remainder when 851931 is divided by 107?
104
What is the remainder when 22675 is divided by 126?
121
Calculate the remainder when 17040 is divided by 88.
56
Calculate the remainder when 22712 is divided by 201.
200
Calculate the remainder when 177120 is divided by 48.
0
Calculate the remainder when 2400304 is divided by 19.
15
What is the remainder when 325039 is divided by 55?
44
Calculate the remainder when 28887 is divided by 4795.
117
Calculate the remainder when 44389 is divided by 522.
19
Calculate the remainder when 214496 is divided by 125.
121
Calculate the remainder when 407813 is divided by 513.
491
Calculate the remainder when 6560 is divided by 541.
68
What is the remainder when 156901 is divided by 88?
85
Calculate the remainder when 12574 is divided by 37.
31
Calculate the remainder when 33039 is divided by 72.
63
Calculate the remainder when 6364 is divided by 17.
6
Calculate the remainder when 505247 is divided by 43.
40
Calculate the remainder when 106482 is divided by 461.
452
Calculate the remainder when 1264767 is divided by 1833.
1830
What is the remainder when 2264 is divided by 184?
56
Calculate the remainder when 94295 is divided by 2946.
23
What is the remainder when 16404 is divided by 105?
24
What is the remainder when 67826 is divided by 19?
15
What is the remainder when 565190 is divided by 27?
26
What is the remainder when 25601 is divided by 1162?
37
What is the remainder when 258 is divided by 7?
6
What is the remainder when 7599 is divided by 3798?
3
What is the remainder when 1782440 is divided by 657?
656
What is the remainder when 274985 is divided by 816?
809
What is the remainder when 5968 is divided by 15?
13
What is the remainder when 28899 is divided by 45?
9
What is the remainder when 262366 is divided by 262364?
2
Calculate the remainder when 2154 is divided by 22.
20
Calculate the remainder when 261856 is divided by 24.
16
Calculate the remainder when 10267 is divided by 2032.
107
What is the remainder when 186657 is divided by 85?
82
What is the remainder when 119709 is divided by 348?
345
What is the remainder when 443726 is divided by 143?
140
Calculate the remainder when 25992 is divided by 8663.
3
Calculate the remainder when 60036 is divided by 1695.
711
Calculate the remainder when 5146 is divided by 26.
24
Calculate the remainder when 3919 is divided by 71.
14
What is the remainder when 13015 is divided by 653?
608
Calculate the remainder when 11252 is divided by 7.
3
What is the remainder when 15664 is divided by 268?
120
What is the remainder when 13222 is divided by 1463?
55
What is the remainder when 47717 is divided by 97?
90
What is the remainder when 132195 is divided by 138?
129
What is the remainder when 362498 is divided by 625?
623
Calculate the remainder when 8989 is divided by 530.
509
Calculate the remainder when 66348 is divided by 11.
7
Calculate the remainder when 222597 is divided by 209.
12
What is the remainder when 876 is divided by 2?
0
Calculate the remainder when 8445 is divided by 844.
5
What is the remainder when 14093 is divided by 1758?
29
Calculate the remainder when 3483 is divided by 693.
18
Calculate the remainder when 27441 is divided by 58.
7
What is the remainder when 13984 is divided by 700?
684
Calculate the remainder when 259 is divided by 140.
119
Calculate the remainder when 4265 is divided by 608.
9
Calculate the remainder when 62276 is divided by 95.
51
What is the remainder when 81476 is divided by 105?
101
Calculate the remainder when 13475 is divided by 143.
33
What is the remainder when 179790 is divided by 120?
30
Calculate the remainder when 13135 is divided by 193.
11
Calculate the remainder when 774698 is divided by 254.
252
Calculate the remainder when 74927 is divided by 14.
13
What is the remainder when 1137 is divided by 65?
32
Calculate the remainder when 68493 is divided by 17091.
129
What is the remainder when 2985 is divided by 600?
585
Calculate the remainder when 595 is divided by 77.
56
Calculate the remainder when 224986 is divided by 44995.
11
Calculate the remainder when 2672 is divided by 389.
338
Calculate the remainder when 1503 is divided by 8.
7
Calculate the remainder when 11103 is divided by 35.
8
What is the remainder when 17523 is divided by 5819?
66
Calculate the remainder when 487877 is divided by 309.
275
What is the remainder when 23143 is divided by 120?
103
Calculate the remainder when 24049 is divided by 24038.
11
Calculate the remainder when 571886 is divided by 285938.
10
Calculate the remainder when 84618 is divided by 4028.
30
What is the remainder when 2929 is divided by 155?
139
Calculate the remainder when 1056326 is divided by 13.
11
What is the remainder when 2514 is divided by 588?
162
What is the remainder when 5373 is divided by 539?
522
What is the remainder when 70325 is divided by 119?
115
What is the remainder when 85151 is divided by 89?
67
Calculate the remainder when 1054 is divided by 327.
73
Calculate the remainder when 17625 is divided by 5789.
258
What is the remainder when 4917 is divided by 2453?
11
What is the remainder when 22397 is divided by 1774?
1109
Calculate the remainder when 1395 is divided by 1296.
99
What is the remainder when 17728 is divided by 537?
7
What is the remainder when 12598 is divided by 1145?
3
What is the remainder when 43884 is divided by 21937?
10
What is the remainder when 2084 is divided by 265?
229
What is the remainder when 21863 is divided by 649?
446
What is the remainder when 48351 is divided by 104?
95
What is the remainder when 33536 is divided by 487?
420
Calculate the remainder when 98073 is divided by 53.
23
Calculate the remainder when 6286 is divided by 121.
115
What is the remainder when 41414 is divided by 2586?
38
What is the remainder when 10325 is divided by 8?
5
What is the remainder when 58369 is divided by 3891?
4
Calculate the remainder when 18523 is divided by 191.
187
What is the remainder when 296 is divided by 179?
117
Calculate the remainder when 3621 is divided by 14.
9
Calculate the remainder when 207006 is divided by 113.
103
What is the remainder when 503289 is divided by 619?
42
Calculate the remainder when 2012 is divided by 1997.
15
What is the remainder when 42168 is divided by 71?
65
What is the remainder when 8306 is divided by 476?
214
What is the remainder when 215757 is divided by 808?
21
What is the remainder when 119757 is divided by 120?
117
Calculate the remainder when 84829 is divided by 176.
173
What is the remainder when 12887 is divided by 56?
7
What is the remainder when 16974 is divided by 395?
384
What is the remainder when 658 is divided by 616?
42
Calculate the remainder when 124729 is divided by 10.
9
Calculate the remainder when 426576 is divided by 10.
6
Calculate the remainder when 160977 is divided by 700.
677
Calculate the remainder when 1175878 is divided by 4.
2
What is the remainder when 32794 is divided by 16377?
40
Calculate the remainder when 222421 is divided by 175.
171
Calculate the remainder when 83879 is divided by 83870.
9
What is the remainder when 4118 is divided by 415?
383
What is the remainder when 8690 is divided by 24?
2
What is the remainder when 6996 is divided by 403?
145
Calculate the remainder when 603398 is divided by 350.
348
Calculate the remainder when 18980 is divided by 1457.
39
Calculate the remainder when 31166 is divided by 10385.
11
What is the remainder when 4256 is divided by 1430?
1396
Calculate the remainder when 6055 is divided by 2827.